ided by 42?
0
Suppose -3*b + 21 = -3. Calculate the remainder when b is divided by ((-5)/3)/((-5)/15).
3
Suppose -182*m = 95*m - 178*m - 1485. What is the remainder when (-2)/2 - -19 - 2 is divided by m?
1
Suppose -70 + 918 = -4*v. Let q = 148 - v. What is the remainder when q is divided by 33?
30
Suppose -2*n = 4*l - 1514, 83 = -n + 3*l + 885. Calculate the remainder when n is divided by 250.
25
Suppose 2*p - 5*h + 35 = 7*p, -3*p + 5 = -5*h. Suppose 4*t - 5*c - 56 = 0, -5*c - 15 = -p*t + 55. What is the remainder when 119/t - (-3)/6 is divided by 4?
1
Suppose -3*h + q = -7, 2*h + 2*q + 2 = 12. Suppose 3*l = 0, -5*a + 3*a + 136 = -h*l. Suppose 3*b + 17 = a. Calculate the remainder when 135 is divided by b.
16
Let a = 376 - 369. What is the remainder when ((-28)/(-8) + -7)*(-76)/a is divided by 29?
9
Calculate the remainder when 319 is divided by 2*(6/4)/(9/327).
101
Suppose 0 = y - 2*l - 135, -5*l = -5*y + 959 - 274. What is the remainder when 673 is divided by y?
117
Let r(f) = 26*f - 134. Suppose 111 - 23 = 11*t. Calculate the remainder when 441 is divided by r(t).
71
Let g(k) = -k**2 - 8*k - 4. Let l(p) = -p**3 - 4*p**2 - 4*p - 14. Let i be l(-4). Suppose i*w = 3*w + 7. What is the remainder when 12 is divided by g(w)?
0
Suppose y + h + 10 = 0, -y + 3*h = 2*h. Let a(f) = f**3 + 5*f**2 - 4*f + 4. Calculate the remainder when 65 + -13 + 6 + -12 is divided by a(y).
22
Suppose -4*o + 2*s - 84 = 0, s + s + 63 = -3*o. Let d(i) = -i**3 - 19*i**2 + 40*i - 10. Calculate the remainder when 66 is divided by d(o).
2
Let x be (-111)/((-9)/6 + 0). Suppose 3*f + 2*g + 2*g - x = 0, 8 = 4*g. Let h = -248 + 377. What is the remainder when h is divided by f?
19
Let r = 381 + 44. Let k = 434 - r. Calculate the remainder when 27 is divided by k.
0
Suppose -119*d - 41*d + 620551 = 13*d. What is the remainder when d is divided by 26?
25
Let h be (-213)/(-5)*(-30 - -35). Let i = h - 178. What is the remainder when 40 is divided by i?
5
Let b = 101512 - 101482. Calculate the remainder when b is divided by 21 + 1 + (-1 - 1).
10
Suppose 0 = -4*u - 4*m - 16, 4*m - 6*m = 10. Let j(t) = 59*t**2 + 18*t - 18. Calculate the remainder when 227 is divided by j(u).
50
Suppose -4*m = -2*z + 710, 1410 = 4*z - 3*m - 0*m. Let v = z + -244. What is the remainder when v is divided by 29?
20
Suppose -14*b - 19*b + 36627 = 54*b. What is the remainder when 847 is divided by b?
5
Suppose -27 - 12 = -u + 2*o, 0 = 3*u - 3*o - 111. What is the remainder when u is divided by (-1 + -4 - 0/(-94))*-2?
5
Let r = 551 - 378. Let j = -156 + r. What is the remainder when 183 is divided by j?
13
Let y(b) be the second derivative of b**3/3 + 5*b**2/2 - 10*b + 2. What is the remainder when 77 is divided by y(11)?
23
Suppose 0 = -14*o + 11*o + 264. What is the remainder when o is divided by ((-27)/(-18))/(18/576)?
40
Suppose 22*b - 5*b = -289. What is the remainder when 25 is divided by 30 + b - (-2 + 6)?
7
Let m = 15402 + -11035. What is the remainder when m is divided by 47?
43
Let d(q) = 9*q**2 + 1. Let r(s) = 2*s**2 - 10*s + 29. Let g be (-2)/(-7) + 1023/217. What is the remainder when r(g) is divided by d(-1)?
9
Let y(m) = -15*m - 6 - 10 + 2*m**2 - 3*m**2 - 7. Let i be y(-13). Suppose -i*j - 6 + 66 = 0. Calculate the remainder when 119 is divided by j.
19
Let v(i) = -2*i**2 - 2 - 1 + i + 12*i**2. Let r be v(2). Suppose 14 - r = -b. What is the remainder when 97 is divided by b?
22
Let p be 16/3*(-90)/60. Let b(y) = -18*y + 25. Calculate the remainder when b(p) is divided by 43.
40
Let a = 90 - 203. Let w = a - -121. What is the remainder when (-193)/(-15) - (-32)/240 is divided by w?
5
Let s(p) = 64*p - 556. Calculate the remainder when 8617 is divided by s(9).
17
Let i = 7732 + -5401. What is the remainder when i is divided by 44?
43
Suppose -3*k + 1347 = 3*q, 1 + 1 = -k. Calculate the remainder when q is divided by 119.
94
Let l = -74 - -89. Let d = -86 - -91. Suppose -d*q + 0*h - 3*h = -70, -l = 3*h. Calculate the remainder when 50 is divided by q.
16
Suppose 0 = -4*z - 5*h + 4409, 153 = 2*z + 2*h - 2051. Calculate the remainder when 3307 is divided by z.
4
Let k(g) = -g**3 + g**2 + 12*g - 15. Let c be k(3). Suppose -36 = -4*t + 4*o, -4*t - c*o - 1 = -58. Calculate the remainder when 75 is divided by t.
3
Suppose z = 5*p - p + 568, 0 = -3*z + p + 1748. Let q = -565 + z. Calculate the remainder when 92 is divided by q.
16
Let s(t) = 3*t + 31. Let a = 6 + 8. Let w be s(a). Let q = w + -37. Calculate the remainder when q is divided by 5.
1
Suppose 3*l - 10 = -4*q, -2*l + 15*q - 20 = 11*q. What is the remainder when ((-110)/4)/(1/l) is divided by 12?
7
Let v(j) = 96*j**2 - 6*j + 14. Let g(b) = -b**3 - 8*b**2 + 15*b + 56. Let x be g(-9). Calculate the remainder when v(x) is divided by 26.
22
Let y = 722 - 354. Let g = 71 - 46. Calculate the remainder when ((-6)/(-4))/(12/y) is divided by g.
21
Let l(a) = -7*a + 2. Let n be l(7). Let m = n + 63. Calculate the remainder when 1/1 + (-1 - -45) is divided by m.
13
Suppose -4*b + 488 = 3*c, 0 = -c - 4*c - 3*b + 817. Calculate the remainder when c is divided by 11.
10
Let s = -166 - -114. What is the remainder when 1/(-8)*2 + (-2301)/s is divided by 15?
14
Let q be (-2)/8 - 36/(-16). Let x(o) be the third derivative of 3*o**6/40 - o**5/60 + o**4/6 - 6*o**2 + 1. Calculate the remainder when x(q) is divided by 13.
11
Let n(t) = -t**3 + 22*t**2 - 19*t + 147. Calculate the remainder when 5360 is divided by n(8).
14
Let g(a) = -199*a + 5008. Calculate the remainder when g(-131) is divided by 56.
53
Suppose 138*x + 61*x = -617*x + 337008. Suppose 529 = 5*o + 9. Calculate the remainder when x is divided by o.
101
Let g = 42571 + -42540. Calculate the remainder when 1082/5 + 4/(-10) is divided by g.
30
Suppose 3*l - 90 = h, h + 4*l - 3*l = -78. Let r be h/18*2/3. Let x(b) = -4*b - 5. What is the remainder when x(r) is divided by 4?
3
Suppose 4*u + 43 = -299*q + 300*q, -71*q = -3*u - 2491. Calculate the remainder when q is divided by (11/2)/((-3)/(-6)).
2
Let d(w) = 5*w**2 + 4*w - 12. Suppose -2*u + m + 356 = 0, 0*m - 5*m = 3*u - 521. What is the remainder when 1/(-4) - u/(-4) is divided by d(2)?
12
Suppose 0 = 4*p - 2*s - 2750, 2*s = -p + 30 + 665. Calculate the remainder when p is divided by 85.
9
Let n(i) = -i**3 + 42*i**2 + 119*i - 503. Calculate the remainder when n(44) is divided by 23.
10
Let m(x) = 11*x**2 + 14*x + 7 - 5*x**3 + 4*x**3 - 3 + 6*x - 7*x. Calculate the remainder when 0 - (3 + -2) - -26 is divided by m(12).
9
Suppose -39*m + 41*m - 2*t - 72 = 0, 0 = t + 4. What is the remainder when 656 is divided by m?
16
Suppose -25*k = -521852 + 86327. What is the remainder when k is divided by 281?
280
Let w = 16 - 9. Let z(m) = m - 3. Calculate the remainder when z(w) is divided by (-13)/(-7) - 232/(-1624).
0
What is the remainder when (2/(-4)*(-218 - -4))/1 is divided by ((-15)/10)/(4/(9*-16))?
53
Suppose 0 = 3381*m - 3366*m - 2460. Calculate the remainder when m is divided by 1*(-3)/(3/(-17)).
11
Suppose 945 = -3162*m + 3183*m. What is the remainder when 3641 is divided by m?
41
Suppose 0 = -2*j - 0*j, o - 5*j = 184. Let b = o + -63. Let d = 32 + 9. What is the remainder when b is divided by d?
39
Let d(j) = -j**2 - 46*j + 85. Let r be d(-46). What is the remainder when 48/96*(1 + r) is divided by 30?
13
Suppose -25 = -136*j + 134*j - 5*s, 2*s = -12*j + 178. Calculate the remainder when (-3)/1*(-98)/3 is divided by j.
8
Let x(q) = 4*q + 25. Let d(f) = 3*f**2 - 162*f + 1272. Calculate the remainder when d(8) is divided by x(8).
54
Let d(n) = 43*n**2 + 6*n + 7. Let u be -2 - 58/(-87)*6/4. What is the remainder when 126 is divided by d(u)?
38
Suppose -2*c + 9*c = 11591 - 7209. What is the remainder when c is divided by 615?
11
Let i = 70 - 50. Suppose 5*b = 5*x + 290, 4*b - 11*x = 2*x + 349. Calculate the remainder when b is divided by i.
5
Suppose -3*y = -126 + 12. Calculate the remainder when (-3 - -146) + 3 + 72/(-9) is divided by y.
24
Let h = -8 + 10. Suppose -h = o - 4*r, 3*o - 2*r + r = -6. Calculate the remainder when (-14)/o + 1 + (21 - 20) is divided by 6.
3
Let w(i) = -6 + 50*i**2 - 46*i**2 + 12 + 18 - 2 + 12*i. Calculate the remainder when w(-10) is divided by 97.
11
Suppose 5*j = 3*v + 720, -86*v + 84*v = -j + 137. Suppose -5*d + 146 = 4*x